5160
In base 7, what is -1245 - -253?
-662
In base 8, what is -4767 + 0?
-4767
In base 6, what is 11534 + 3?
11541
In base 8, what is -50014 + 6?
-50006
In base 13, what is 9704 - 146?
958b
In base 15, what is -61 - d0d?
-d6e
In base 11, what is 4 - -1342?
1346
In base 2, what is -10010100011010 - 11?
-10010100011101
In base 5, what is 10 - 22023131?
-22023121
In base 7, what is 102302 - 2?
102300
In base 16, what is 9c + 377d?
3819
In base 15, what is -4 + 487b0?
487ab
In base 8, what is -2470 - 41?
-2531
In base 8, what is -144507 - 5?
-144514
In base 6, what is -53 - -25040?
24543
In base 2, what is -11000011 - -1000000111101?
111101111010
In base 6, what is 104404 - -2?
104410
In base 13, what is c372 + 12?
c384
In base 12, what is 11 + -49a0?
-498b
In base 14, what is 13b - -38?
175
In base 9, what is -454 + -126?
-581
In base 11, what is -2 + 4?
2
In base 14, what is -506 - 35?
-53b
In base 14, what is 2 - -1a05b?
1a05d
In base 3, what is -2000010 - 102220?
-2110000
In base 15, what is 1a - -a891?
a8ab
In base 4, what is -1020 + -20123?
-21203
In base 15, what is -9d - -724?
676
In base 2, what is 1011101111100 + -110000?
1011101001100
In base 13, what is -3 - 21a33?
-21a36
In base 3, what is 10221 - -10122?
21120
In base 7, what is -351366 + 2?
-351364
In base 10, what is 3 - 86181?
-86178
In base 6, what is 2 - -220121?
220123
In base 5, what is 201 - -344110?
344311
In base 9, what is -5 - -10360?
10354
In base 12, what is 42b9 + 1b0?
44a9
In base 9, what is -415822 - 10?
-415832
In base 11, what is -863 - -42?
-821
In base 5, what is -12 - 21334?
-21401
In base 11, what is 62683 - -2?
62685
In base 8, what is -3 + 14120?
14115
In base 13, what is b - -a7c99?
a7ca7
In base 5, what is 11200 + -344?
10301
In base 2, what is 10011001010111010 - 1?
10011001010111001
In base 7, what is 5 - -662100?
662105
In base 11, what is 123 + 694?
807
In base 2, what is -110100001 + 101111011?
-100110
In base 8, what is -35 - 6670?
-6725
In base 14, what is -a - -a65a?
a650
In base 12, what is -ab78 - -6?
-ab72
In base 16, what is 4 - -5256?
525a
In base 10, what is -75 + 42099?
42024
In base 3, what is -1211221111 + -1?
-1211221112
In base 8, what is -364733 - -2?
-364731
In base 8, what is -2 + -5005433?
-5005435
In base 3, what is -121111101 + 12120?
-121021211
In base 13, what is 49a3 - -4?
49a7
In base 6, what is 0 + 2430054?
2430054
In base 5, what is 3230 + 244?
4024
In base 14, what is -3 + 9782?
977d
In base 13, what is -8939 + -25?
-8961
In base 8, what is 13 + -6646?
-6633
In base 3, what is -121 - -10000220?
10000022
In base 5, what is 22120 - -210?
22330
In base 3, what is -2101012221 + -220?
-2101020211
In base 11, what is -3 - -a8085?
a8082
In base 13, what is -5 + -9aa96?
-9aa9b
In base 16, what is -37fa3 + 2?
-37fa1
In base 12, what is -a921 + -2?
-a923
In base 12, what is -a3b131 - 3?
-a3b134
In base 15, what is -1 + 1de3e?
1de3d
In base 5, what is 1421 + -132?
1234
In base 15, what is -c4 - 69?
-13d
In base 2, what is -1101100 - -10110101100?
10101000000
In base 9, what is 13141314 - 2?
13141312
In base 11, what is -3420344 + 5?
-342033a
In base 16, what is 300ee + -1a?
300d4
In base 15, what is 5 + 27eb?
2801
In base 3, what is -10022010 - 111200?
-10210210
In base 10, what is 237953 - 10?
237943
In base 16, what is 7e70 + -5?
7e6b
In base 7, what is -6 - -3651464?
3651455
In base 12, what is -52 + -2886?
-2918
In base 9, what is 1215 + -5006?
-3681
In base 9, what is 646530 - 0?
646530
In base 6, what is 4140451 - -2?
4140453
In base 6, what is -24430 - 1231?
-30101
In base 10, what is 72 - 7629?
-7557
In base 12, what is 18b869 + -b?
18b85a
In base 16, what is -12b43 - 12?
-12b55
In base 14, what is -1 + 13b5?
13b4
In base 2, what is -1010011110 - 1000000?
-1011011110
In base 11, what is 181793 - -2?
181795
In base 11, what is 11 + 50a08?
50a19
In base 7, what is 35554 + 32?
35616
In base 6, what is -5 - -22022311?
22022302
In base 12, what is -30 + -23?
-53
In base 16, what is 112 - 1bf?
-ad
In base 8, what is 761 - 104?
655
In base 14, what is -565 - 45?
-5aa
In base 11, what is -520 + 7a8?
288
In base 5, what is -14 - -3231?
3212
In base 3, what is 110020200101 - 2?
110020200022
In base 11, what is 26a0 + -1a?
2681
In base 15, what is -3 + 10b62?
10b5e
In base 10, what is 4 - -28251?
28255
In base 16, what is -1 + -9b336?
-9b337
In base 2, what is 110 + 111110111001100?
111110111010010
In base 14, what is 574 + 28?
59c
In base 9, what is -287 - 10432?
-10730
In base 10, what is -1294 - -7?
-1287
In base 9, what is -22 - 118720?
-118742
In base 9, what is -17 + 6663?
6645
In base 14, what is -312 + -65b?
-96d
In base 3, what is -12210012202 - 1?
-12210012210
In base 12, what is -672 + b2?
-580
In base 11, what is 17 - -4017?
4033
In base 3, what is -211 - 1222220?
-2000201
In base 10, what is 426344 - 1?
426343
In base 11, what is 226a1 + -14?
22688
In base 8, what is -6400 - -141?
-6237
In base 9, what is 22567 - 12?
22555
In base 7, what is 50215 + 4?
50222
In base 5, what is 1434301 + 10?
1434311
In base 2, what is -11000001 - -1001001010?
110001001
In base 2, what is 0 + 10110010100?
10110010100
In base 14, what is -3 - -4d2b?
4d28
In base 11, what is -48745 + 3?
-48742
In base 2, what is 1 - -10111111100011001010?
10111111100011001011
In base 9, what is -401 - 106?
-507
In base 9, what is 17320 - 5?
17314
In base 5, what is 0 - 32003?
-32003
In base 16, what is -1526a - -7?
-15263
In base 6, what is -2223314 - -4?
-2223310
In base 12, what is -195 - -114?
-81
In base 9, what is 0 + -1157176?
-1157176
In base 5, what is 2 + -13330440?
-13330433
In base 9, what is 27012 - -16?
27028
In base 11, what is 2 - -59116?
59118
In base 11, what is 360a35 + 4?
360a39
In base 15, what is 0 - -5e1d8?
5e1d8
In base 8, what is 5 - 34316?
-34311
In base 3, what is 1222 + -120200201?
-120121202
In base 7, what is 1144264 + 2?
1144266
In base 8, what is 157700 + 7?
157707
In base 16, what is -fc + -133?
-22f
In base 15, what is 3 + -6b34?
-6b31
In base 6, what is 1 - 12321155?
-12321154
In base 3, what is -1202 + 110112222?
110111020
In base 4, what is 10 + 13100300?
13100310
In base 14, what is -15 + -2929?
-2940
In base 3, what is 100002120210 - -1?
100002120211
In base 11, what is -4 + -1900a?
-19013
In base 15, what is db + -21d?
-132
In base 2, what is 100000010 - -10101001011?
11001001101
In base 13, what is -1823 - 32?
-1855
In base 9, what is -40628 + 54?
-40564
In base 3, what is 1 - 1200222212?
-1200222211
In base 6, what is -441212 + -3?
-441215
In base 14, what is -4 - 132462?
-132466
In base 14, what is -24d03 - -5?
-24cdc
In base 3, what is -1121 - 120221?
-122112
In base 6, what is 24110 + 141?
24251
In base 13, what is 70 + 1b20?
1b90
In base 7, what is 33521011 + 3?
33521014
In base 10, what is 204 + 31?
235
In base 3, what is 11 + 1200120122202?
1200120122220
In base 8, what is 12 + -10774?
-10762
In base 9, what is -7086 - -5?
-7081
In base 14, what is -202 - -33?
-1ad
In base 11, what is 6 + -5233?
-5228
In base 11, what is -9 + -646?
-654
In base 10, what is 309356 + -4?
309352
In base 4, what is 311 - 2?
303
In base 12, what is -1 + 87247?
87246
In base 4, what is 11002213 + -31?
11002122
In base 11, what is 2 - a548?
-a546
In base 6, what is 200 + -234?
-34
In base 15, what is 9 - 4947d?
-49474
In base 11, what is 1a4343 - -1?
1a4344
In base 3, what is -221221201120 - -11?
-221221201102
In base 8, what is -2 + 7377?
7375
In base 11, what is 13 + 263a21?
263a34
In base 15, what is 23b4 - 13?
23a1
In base 5, what is 3102310 - 10?
3102300
In base 16, what is 3 - 1db7d?
-1db7a
In base 8, what is -53425 + 21?
-53404
In base 6, what is 1532253 - 4?
1532245
In base 6, what is 0 - 41045044?
-41045044
In base 11, what is -61 + 1712?
1661
In base 6, what is -515 - 1135?
-2054
In base 2, what is -101111001010000 - 10111?
-101111001100111
In base 11, what is 238 + -23?
215
In base 5, what is -4204 + 134?
-4020
In base 5, what is -20 + -223034?
-223104
In base 13, what is -5 - 1ac0?
-1ac5
In base 7, what is -1261136 - -5?
-1261131
In base 6, what is 3354 - -221?
4015
In base 5, what is 1 - -10112?
10113
In base 11, what is 218 - 53?
175
In base 16, what is 284 - -c4?
348
In base 16, what is 1b1af + 1?
1b1b0
In base 6, what is